*3 - 4*b**2 - 6. Let t(o) = 6*o**2 + 5*o - 2*o**2 - 6*o - 6 - o**3. Let p be t(3). Calculate y(p).
-6
Let v = 11 + -15. Let j be 1/v - (-142)/(-8). Let p = 25 + j. Let x(r) = -r**3 + 8*r**2 - 6*r - 5. Determine x(p).
2
Let a(y) = -y**2 - 11*y - 21. Let d be a(-9). Let p(q) = -q + 4. Let v(k) = -3*k + 11. Let b(w) = d*v(w) + 8*p(w). Determine b(-7).
-8
Let u(r) = -2*r - 5. Let n(f) = 2*f**2 + 3*f + 2. Let v be n(-2). Suppose 2*m - v = -14. Determine u(m).
5
Let y(d) = -d - 1. Let m(q) = -q**3 - 3*q**2 + 2*q. Let h(g) = -m(g) - y(g). Suppose 3 = u + p, -4*u - 13 - 5 = -2*p. Calculate h(u).
7
Let o(a) = a**3 - 12*a**2 + 10*a + 6. Let y(g) = g**3 + 14*g**2 + 37*g - 19. Let t be y(-10). What is o(t)?
-5
Let y(h) = 73*h + 459. Let r be y(-6). Let w(m) = -m**2 + 21*m + 5. Calculate w(r).
5
Let a(z) = 2*z - 9. Let t = -22 - -26. Let r(d) = d - 3. Let i be r(t). Suppose 3*m + k - 5*k - i = 0, -5*m - 2*k = -45. Give a(m).
5
Suppose 0 = 4*f - 105 - 19. Let o = f - 33. Let g(i) = i**3 + 4*i**2 + i - 2. Calculate g(o).
4
Let d(g) be the first derivative of 3*g**2/2 - 2*g + 13. Suppose 12 = 9*v - 5*v. Suppose v*k + 19 - 7 = 0. Calculate d(k).
-14
Let g = -283 + 305. Let t be -5*((-12)/(-10))/(-3). Let l(h) = 1 - g*h**3 + 0*h**2 - h**t + 16*h**3. What is l(-1)?
6
Let l(x) = -x**2 + 8*x - 5. Suppose i - 3*r - 42 = 0, 2*i + i - 158 = r. Let h = i - 50. Give l(h).
11
Let g(o) = -11*o**2 + 108*o + 12. Let y be g(10). Let p(r) = 3*r + 17. Give p(y).
-7
Let h(f) = -4*f**3 - 9*f**2 + f + 13. Let j(a) = -a**3 - 3*a**2 + 4. Let n(v) = -2*h(v) + 7*j(v). Suppose -37*x = 3643 - 3791. Calculate n(x).
10
Let v(k) = -6*k + 3. Let m(s) = 14*s - 7. Let w(l) = 4*m(l) + 9*v(l). Give w(3).
5
Let b(w) = -w**3 - 7*w**2 - 7*w. Let f be 3*-7 - (6 - 3). Let u be ((-32)/f)/((-1)/18). Let m = 18 + u. Give b(m).
6
Let v(f) = 30*f + 1114. Let d be v(-37). Let u(w) = 4*w + 5. What is u(d)?
21
Suppose 10 = -2*i, -5*y + 0*i - 5 = 5*i. Let p(m) = -3*m + 35. Let o be (5 - 14) + 3/1. Let j(c) = -c + 12. Let t(b) = o*p(b) + 17*j(b). Determine t(y).
-2
Let p(n) = -3*n**3 - n**2 - n - 4. Let z(u) = -u**3 - u - 1. Let i(o) = -2*p(o) + 5*z(o). What is i(-3)?
3
Let d(r) = -r - 11. Let o = -70 + 106. Suppose w + 3*w = -o. Give d(w).
-2
Let p be (0 - -3 - 2) + 1. Suppose y - 9 = -0*y - p*v, 5*v - 27 = -4*y. Let i(k) = k**2 - k - 2. Give i(y).
4
Let d(s) = 2*s + 1. Let y(q) = -3*q - 2. Let t(n) = 8*d(n) + 5*y(n). Let l = 18 - 1. Suppose -3*m = -l + 5. Calculate t(m).
2
Let c(v) = -v**2 + 3*v - 1. Let i(a) = -a**3 + 8*a**2 + 10. Let g be i(7). Let t = g - 55. Give c(t).
-5
Let t(s) = 6*s - 2*s + 2*s + 4*s. Calculate t(-5).
-50
Let y(d) = -6 + 7*d**2 + 5*d**2 + d**2 - 11*d**2 + 3 + 3*d. Give y(2).
11
Let k(n) be the third derivative of -n**5/60 + n**4/24 + 11*n**3/6 - 178*n**2. Suppose -2*i = -5*u - 3 - 3, -u + 5*i - 15 = 0. Determine k(u).
11
Suppose 2*t = -2*t - 16, -3*t - 15 = -d. Suppose -5*l + 7 = -3. Let m(b) = 5*b + l*b + 2 - 6*b + 2*b. Give m(d).
11
Let j(m) = m**2 - 11*m - 8. Let z be 88/6*(-12)/(-16). Give j(z).
-8
Let y(l) = -33*l**2 + 7*l - 13. Let d(q) = -50*q**2 + 11*q - 21. Let k(j) = -5*d(j) + 8*y(j). Give k(-1).
-14
Let n(r) = r + 4. Let u = 173 + -118. Let l be (-106)/22 + (-10)/u. Calculate n(l).
-1
Suppose 3*m = -4*w - 34, w - 64 = 5*m + 8. Let h be 2*(-24)/28 + 4/m. Let q(l) = 3*l + 2. What is q(h)?
-4
Let h(p) = -p**3 + 3*p**2 + 4*p - 6. Let l(t) = t - 1. Let u(f) = h(f) - 5*l(f). Give u(2).
1
Let f(u) = 4*u - 26. Let g(z) = 12*z - 6. Let b be g(1). Let k be f(b). Let p(m) = -3*m**3 - 2*m**2 + m - 2. What is p(k)?
12
Let c be ((-14)/(-4) + -6)*-2. Let d(b) = -b**2 + 7*b - 10. Determine d(c).
0
Let f be (-8)/(-2)*(-9)/4. Let q = f - -14. Let o(a) be the first derivative of -a**3/3 + 3*a**2 - 101. Calculate o(q).
5
Let p(c) = -2*c + 5. Let x(m) = m - 41. Let b be x(43). What is p(b)?
1
Let p(h) = 4*h + 7. Suppose o + 108 = -5*y + 3*o, -y = o + 16. Let a = y - -15. Calculate p(a).
-13
Let c(f) be the first derivative of f**3/3 + 2*f**2 + 4*f + 52. Give c(-4).
4
Let q be (-65)/(-10) + 9/(-6). Let b(l) = 13*l - 5. Let j(f) = 38*f - 14. Let o(r) = q*j(r) - 14*b(r). Calculate o(1).
8
Let k(j) = 3*j - 4. Let x(r) = -2*r + 2. Let u(o) = 2*k(o) + 4*x(o). Give u(3).
-6
Let g = 20 + -8. Let w(y) = -y**2 + 10*y + 29. Calculate w(g).
5
Let g be (-8)/(-32) - 158/(-8). Suppose 0 = 5*m + x + 4, -5*x - g = 0. Let i(a) = a**3 - a + 7. What is i(m)?
7
Let u(c) = -3 + 5 + 6*c - 11. Let b = 349 + -332. Let x(d) = -2*d + 3. Let p(t) = b*x(t) + 6*u(t). Give p(2).
1
Let v = -435 + 432. Let a(y) = 2*y + 1. What is a(v)?
-5
Let z be (4 - 12) + 1 + 2. Let v(u) = -u - 1. Let p be v(z). Let j(o) = 3 - 1 - o - 4 - p. Calculate j(-5).
-1
Let f = 13 + -13. Suppose 3*i + 19 + 2 = f. Let t(b) = b + 6. What is t(i)?
-1
Suppose 4*z + 10 = -2*w, 5*w = -z + 2*z - 25. Let b(i) = -i - 12. Give b(w).
-7
Suppose -64 = -1450*y + 1466*y. Let u(m) = m**2 + 4*m + 6. Calculate u(y).
6
Let m = -12 - -6. Let j(l) = 2 - 2*l - 3*l + 6*l + 2. Let z(g) = 6*g + 20. Let d(k) = 11*j(k) - 2*z(k). What is d(m)?
10
Let w(x) = -2*x**3 + 18*x**2 - 9*x - 26. Let a(z) = -z**3 + 10*z**2 - 5*z - 14. Let m(q) = -11*a(q) + 6*w(q). Determine m(-2).
-4
Let p = 38 + -41. Let b = -4 - p. Let o(d) = 9*d**3 - d**2. What is o(b)?
-10
Let q(c) = -c**2 + 5*c - 4. Let u = -5 + 9. Let r be q(u). Let d(o) = 14 - o + o**3 + 4*o**2 + r*o**3 - 12. Give d(-4).
6
Suppose -5*j + 31 = -29. Let l(p) = -p**3 - 146*p**2 + 2*p**3 + 138*p**2 - 10*p + j. Give l(9).
3
Let r(f) = f**3 - 6*f**2 + 6*f + 4. Let z be r(5). Let y = z - 6. Let q = 0 - y. Let c(b) = b**2 + 5*b + 3. What is c(q)?
-3
Let c(n) = -n**2 + 14*n + 1. Let u = -4 - -19. Determine c(u).
-14
Suppose 5*j = 8*u - 10*u + 93, -u = -4*j + 77. Let f(b) = -b**2 + 20*b - 10. Calculate f(j).
9
Let y(d) = -2*d**2 - 1. Let n(b) = 7*b**2 - 4*b + 2. Let i(v) = n(v) + 2*y(v). Give i(-4).
64
Suppose 71*a - 67*a - 12 = 0. Let s(q) be the second derivative of 3/10*q**5 - 6*q - 1/2*q**2 + 0*q**4 - 1/6*q**a + 0. Determine s(-1).
-6
Suppose -17*j + 15*j = 5*m - 3, 5*m = 5*j + 80. Let r(i) = -3*i - 8. Determine r(j).
25
Let x = -311 - -300. Let a(v) = v**3 + 12*v**2 + 12*v + 7. Give a(x).
-4
Suppose -164*d - 81 = -173*d. Let z(f) = -f**3 + 9*f**2 + 5*f + 7. Give z(d).
52
Let d(l) = -4*l**2 - 5*l + 2. Let g(r) = -2*r**2 - 2*r + 1. Let x(f) = d(f) - 3*g(f). What is x(1)?
2
Let n(i) = -i**3 + 45*i**2 + i - 35. Let h be n(45). Let j(o) = 3*o - 32. Determine j(h).
-2
Let x(a) = -4*a - 2. Let k(s) = 6*s + 2 + 2 - 3*s + 4*s. Let g(u) = -3*k(u) - 5*x(u). Determine g(-2).
0
Let h(y) = -y**2 + 4*y - 1. Suppose -5*o + 10*o = 105. Let s = -9 + o. Let a = s - 6. Calculate h(a).
-13
Let o(k) = k**2 - 3*k + 5. Suppose -38*i = -36*i + 238. Let q = 122 + i. Calculate o(q).
5
Let s(h) = 4 + 24*h - 11*h + 5*h**2 - 16*h + 2*h**3 - h**2 - h**3. Give s(-4).
16
Let q(j) = -j**2 + 4*j - 4. Let w be (-27)/27*-1*(1 - -2). Give q(w).
-1
Let w(x) = -4 + 5 + 7 - x + 0*x. Let l = -221 - -227. Give w(l).
2
Let a be 4/7 - 248/(-56). Let y(d) = 3*d - 1 - 5 + 3*d - a*d. What is y(7)?
1
Let q(s) = s - 7. Let f be q(10). Let g(t) = f*t - 3*t + 2*t. Let b(r) = -2*r. Let v(i) = -2*b(i) - 3*g(i). Calculate v(-1).
2
Let v(b) = -b - 2. Suppose -23 = -5*u - 98. Let y be 2/8*2*2. Let n be (y + -1)*(-5)/u. Give v(n).
-2
Let u(z) = 22*z**2 - 1. Let a be (-7 + 3)/8*-2. Determine u(a).
21
Let w be 24/(-84) + (-94)/14*1. Let d(p) = p**3 + 8*p**2 + 8*p - 4. Determine d(w).
-11
Let t(v) be the third derivative of -v**6/120 - 7*v**5/60 + 11*v**4/24 + 7*v**3/6 - v**2 - 7*v. Give t(-8).
-17
Let w(i) = 7*i**2 - 3 - 5*i**2 - i**3 + 2*i - 5*i**3 + 4*i**3. Let b = -1 - -1. Suppose b = -j - j + 4. What is w(j)?
-7
Let x be (-3)/2*(-4)/3. Let p(h) = 0*h + 1 + 4*h + x + h. Give p(-3).
-12
Let f(s) be the second derivative of s**3/2 + 1503*s. Let l = -1 - -3. Calculate f(l).
6
Let h(r) = -3*r - 5. Let b(j) = -j**3 + 3*j**2 + 7*j - 9. Let q be b(4). Suppose 5*x - 3*p = -42, 0*x - q*x - 38 = -5*p. What is h(x)?
13
Suppose 5*b - 4*z - 35 = 0, -11*b + 7*b - 3*z - 3 = 0. Let a(j) = -7*j + 8. Determine a(b).
-13
Let y = 5 + -2. Let l(n) = -y + 0 + n + 1. Let p = 225 - 220. Calculate l(p).
3
Let l(r) = -r**3 - 9*r**2 - 4*r - 10. Let h be 6/3 - -1 - (-156)/(-13). Calculate l(h).
26
Let f(v) =